{"id":8889,"date":"2022-09-29T01:24:01","date_gmt":"2022-09-29T01:24:01","guid":{"rendered":"http:\/\/localhost\/promotors\/?page_id=8889"},"modified":"2025-05-18T17:19:04","modified_gmt":"2025-05-18T14:19:04","slug":"home-1-one-page","status":"publish","type":"page","link":"https:\/\/oncagarage.com\/","title":{"rendered":"ANASAYFA"},"content":{"rendered":"\t\t<div data-elementor-type=\"wp-page\" data-elementor-id=\"8889\" class=\"elementor elementor-8889\">\n\t\t\t\t        <section class=\"elementor-section elementor-top-section elementor-element elementor-element-65976ede elementor-section-full_width elementor-section-stretched elementor-section-height-default elementor-section-height-default ct-header-fixed-none ct-column-none ct-row-scroll-none ct-section-smoke-none ct-section-particle-none\" data-id=\"65976ede\" data-element_type=\"section\" data-e-type=\"section\" data-settings=\"{&quot;stretch_section&quot;:&quot;section-stretched&quot;}\">\n            \n                        <div class=\"elementor-container elementor-column-gap-default \">\n                    <div class=\"elementor-column elementor-col-100 elementor-top-column elementor-element elementor-element-7b7e7236 ct-column-none\" data-id=\"7b7e7236\" data-element_type=\"column\" data-e-type=\"column\">\n        <div class=\"elementor-widget-wrap elementor-element-populated\">\n                    \n        \t\t<div class=\"elementor-element elementor-element-93721c elementor-widget elementor-widget-ct_slider_carousel\" data-id=\"93721c\" data-element_type=\"widget\" data-e-type=\"widget\" data-widget_type=\"ct_slider_carousel.default\">\n\t\t\t\t<div class=\"elementor-widget-container\">\n\t\t\t\t\t    <div class=\"ct-slider-carousel1 ct-slick-slider\">\r\n        <div class=\"ct-carousel-inner\">\r\n            <div class=\"ct-slick-carousel\" data-arrows=\"\" data-dots=\"\" data-pauseOnHover=\"\" data-autoplay=\"true\" data-autoplaySpeed=\"12000\" data-infinite=\"true\" data-speed=\"500\" data-colxs=\"1\" data-colsm=\"1\" data-colmd=\"1\" data-collg=\"1\" data-colxl=\"1\" data-dir=\"false\" data-slidesToScroll=\"1\">\r\n                                    <div id=\"ct_slider_carousel-93721c0\" class=\"slick-slide elementor-repeater-item-c1780d5\">\r\n                        <div class=\"item-inner \">\r\n                            <div class=\"item-content\">\r\n                                                                                                    <h1 class=\"item--holder\" data-parallax='{\"x\": -100}'>ONCAGARAGE<\/h1>\r\n                                                                                                    <h1 class=\"item--title\">AIRBAG TAM\u0130R SERV\u0130S<\/h1>\r\n                                                                                                    <div class=\"item--description\">Her marka ve model binek ara\u00e7 i\u00e7in airbag servis hizmeti. Par\u00e7a temini ve onar\u0131m hizmetleri.<\/div>\r\n                                                                                                    <div class=\"item-button\">\r\n                                        <a class=\"btn btn-style2\" href=\"tel:+905367187691\">\r\n                                            <span>\r\n                                                +90 536 718 76 91                                            <\/span>\r\n                                        <\/a>\r\n                                    <\/div>\r\n                                                                                            <\/div>\r\n                            <div class=\"item--image\">\r\n                                                                                                    <div class=\"image-main\"><img fetchpriority=\"high\" decoding=\"async\" width=\"2000\" height=\"1908\" src=\"https:\/\/oncagarage.com\/wp-content\/uploads\/2025\/05\/safety-airbag-animated-for-cinema4d-3d-model-animated-c4d.png\" class=\"attachment-full\" alt=\"\" \/><\/div>\r\n                                                                                                                            <\/div>\r\n                        <\/div>\r\n                    <\/div>\r\n                            <\/div>\r\n        <\/div>\r\n    <\/div>\r\n\t\t\t\t<\/div>\n\t\t\t\t<\/div>\n\t\t            <\/div>\n        <\/div>\n                    <\/div>\n        <\/section>\n                <section class=\"elementor-section elementor-top-section elementor-element elementor-element-3e5c060d elementor-section-stretched animated-slow elementor-section-boxed elementor-section-height-default elementor-section-height-default ct-header-fixed-none ct-column-none ct-row-scroll-none ct-section-smoke-none ct-section-particle-none elementor-invisible\" data-id=\"3e5c060d\" data-element_type=\"section\" data-e-type=\"section\" data-settings=\"{&quot;stretch_section&quot;:&quot;section-stretched&quot;,&quot;background_background&quot;:&quot;classic&quot;,&quot;animation&quot;:&quot;fadeIn&quot;}\">\n            \n                        <div class=\"elementor-container elementor-column-gap-default \">\n                    <div class=\"elementor-column elementor-col-25 elementor-top-column elementor-element elementor-element-7b1d04fd ct-column-none\" data-id=\"7b1d04fd\" data-element_type=\"column\" data-e-type=\"column\">\n        <div class=\"elementor-widget-wrap elementor-element-populated\">\n                    \n        \t\t<div class=\"elementor-element elementor-element-263bf515 ct-counter-layout1 elementor-widget elementor-widget-ct_counter\" data-id=\"263bf515\" data-element_type=\"widget\" data-e-type=\"widget\" data-widget_type=\"ct_counter.default\">\n\t\t\t\t<div class=\"elementor-widget-container\">\n\t\t\t\t\t<div class=\"ct-counter ct-counter-layout1 style1 \" data-wow-delay=\"ms\">\r\n    <div class=\"ct-counter-inner\">\r\n        <div class=\"ct-counter-meta\">\r\n            <div class=\"ct-counter-number\">\r\n                                <h1 class=\"ct-counter-number-value\" data-duration=\"2000\" data-to-value=\"15\" data-delimiter=\",\">1<\/h1>\r\n                                    <h1 class=\"ct-counter-number-suffix\">+<\/h1>\r\n                            <\/div>\r\n                            <div class=\"ct-counter-title\">15 y\u0131ldan uzun s\u00fcredir hizmet vermekteyiz.<\/div>\r\n                    <\/div>\r\n    <\/div>\r\n<\/div>\t\t\t\t<\/div>\n\t\t\t\t<\/div>\n\t\t            <\/div>\n        <\/div>\n                <div class=\"elementor-column elementor-col-25 elementor-top-column elementor-element elementor-element-2dfb36f5 ct-column-none\" data-id=\"2dfb36f5\" data-element_type=\"column\" data-e-type=\"column\">\n        <div class=\"elementor-widget-wrap elementor-element-populated\">\n                    \n        \t\t<div class=\"elementor-element elementor-element-436993a ct-counter-layout1 elementor-widget elementor-widget-ct_counter\" data-id=\"436993a\" data-element_type=\"widget\" data-e-type=\"widget\" data-widget_type=\"ct_counter.default\">\n\t\t\t\t<div class=\"elementor-widget-container\">\n\t\t\t\t\t<div class=\"ct-counter ct-counter-layout1 style1 \" data-wow-delay=\"ms\">\r\n    <div class=\"ct-counter-inner\">\r\n        <div class=\"ct-counter-meta\">\r\n            <div class=\"ct-counter-number\">\r\n                                <h1 class=\"ct-counter-number-value\" data-duration=\"2000\" data-to-value=\"25\" data-delimiter=\",\">1<\/h1>\r\n                                    <h1 class=\"ct-counter-number-suffix\">Bin+<\/h1>\r\n                            <\/div>\r\n                            <div class=\"ct-counter-title\">G\u00fcnde y\u00fczlerce ara\u00e7 teslimat\u0131 yap\u0131yoruz.<\/div>\r\n                    <\/div>\r\n    <\/div>\r\n<\/div>\t\t\t\t<\/div>\n\t\t\t\t<\/div>\n\t\t            <\/div>\n        <\/div>\n                <div class=\"elementor-column elementor-col-25 elementor-top-column elementor-element elementor-element-23ac8846 ct-column-none\" data-id=\"23ac8846\" data-element_type=\"column\" data-e-type=\"column\">\n        <div class=\"elementor-widget-wrap elementor-element-populated\">\n                    \n        \t\t<div class=\"elementor-element elementor-element-2cc01fe3 ct-counter-layout1 elementor-widget elementor-widget-ct_counter\" data-id=\"2cc01fe3\" data-element_type=\"widget\" data-e-type=\"widget\" data-widget_type=\"ct_counter.default\">\n\t\t\t\t<div class=\"elementor-widget-container\">\n\t\t\t\t\t<div class=\"ct-counter ct-counter-layout1 style1 \" data-wow-delay=\"ms\">\r\n    <div class=\"ct-counter-inner\">\r\n        <div class=\"ct-counter-meta\">\r\n            <div class=\"ct-counter-number\">\r\n                                <h1 class=\"ct-counter-number-value\" data-duration=\"2000\" data-to-value=\"20\" data-delimiter=\",\">1<\/h1>\r\n                                    <h1 class=\"ct-counter-number-suffix\">Bin+<\/h1>\r\n                            <\/div>\r\n                            <div class=\"ct-counter-title\">M\u00fc\u015fterimize en uygun \u00e7\u00f6z\u00fcmleri sunuyoruz.<\/div>\r\n                    <\/div>\r\n    <\/div>\r\n<\/div>\t\t\t\t<\/div>\n\t\t\t\t<\/div>\n\t\t            <\/div>\n        <\/div>\n                <div class=\"elementor-column elementor-col-25 elementor-top-column elementor-element elementor-element-dd0bf91 ct-column-none\" data-id=\"dd0bf91\" data-element_type=\"column\" data-e-type=\"column\">\n        <div class=\"elementor-widget-wrap elementor-element-populated\">\n                    \n        \t\t<div class=\"elementor-element elementor-element-4cfed42a ct-counter-layout1 elementor-widget elementor-widget-ct_counter\" data-id=\"4cfed42a\" data-element_type=\"widget\" data-e-type=\"widget\" data-widget_type=\"ct_counter.default\">\n\t\t\t\t<div class=\"elementor-widget-container\">\n\t\t\t\t\t<div class=\"ct-counter ct-counter-layout1 style1 \" data-wow-delay=\"ms\">\r\n    <div class=\"ct-counter-inner\">\r\n        <div class=\"ct-counter-meta\">\r\n            <div class=\"ct-counter-number\">\r\n                                <h1 class=\"ct-counter-number-value\" data-duration=\"2000\" data-to-value=\"99\" data-delimiter=\",\">1<\/h1>\r\n                                    <h1 class=\"ct-counter-number-suffix\">%<\/h1>\r\n                            <\/div>\r\n                            <div class=\"ct-counter-title\">M\u00fc\u015fterilerimizin neredeyse tamam\u0131 hizmetlerimizden memnun.<\/div>\r\n                    <\/div>\r\n    <\/div>\r\n<\/div>\t\t\t\t<\/div>\n\t\t\t\t<\/div>\n\t\t            <\/div>\n        <\/div>\n                    <\/div>\n        <\/section>\n                <section class=\"elementor-section elementor-top-section elementor-element elementor-element-84613e2 elementor-section-full_width elementor-section-content-middle elementor-section-stretched ct-reverse-column elementor-section-height-default elementor-section-height-default ct-header-fixed-none ct-column-none ct-row-scroll-none ct-section-smoke-none ct-section-particle-none\" data-id=\"84613e2\" data-element_type=\"section\" data-e-type=\"section\" data-settings=\"{&quot;stretch_section&quot;:&quot;section-stretched&quot;,&quot;background_background&quot;:&quot;classic&quot;}\">\n            \n                        <div class=\"elementor-container elementor-column-gap-default \">\n                    <div class=\"elementor-column elementor-col-50 elementor-top-column elementor-element elementor-element-741d2fe8 ct-padding-left animated-slow ct-column-none elementor-invisible\" data-id=\"741d2fe8\" data-element_type=\"column\" data-e-type=\"column\" data-settings=\"{&quot;animation&quot;:&quot;bounceInLeft&quot;}\">\n        <div class=\"elementor-widget-wrap elementor-element-populated\">\n                    \n        \t\t<div class=\"elementor-element elementor-element-2ff029a8 elementor-widget elementor-widget-ct_heading\" data-id=\"2ff029a8\" data-element_type=\"widget\" data-e-type=\"widget\" data-widget_type=\"ct_heading.default\">\n\t\t\t\t<div class=\"elementor-widget-container\">\n\t\t\t\t\t<div class=\"ct-heading h-align-\">\r\n            <h1 class=\"title-holder\">\r\n            SERVICE        <\/h1>\r\n    \t    <h2 class=\"item--title case-animate-time st-default \" data-wow-delay=\"ms\">\r\n        <span>RUBBING, WAXING, AND POLISHING<\/span>    <\/h2>\r\n<\/div>\t\t\t\t<\/div>\n\t\t\t\t<\/div>\n\t\t\t\t<div class=\"elementor-element elementor-element-98fa414 elementor-widget elementor-widget-ct_text_editor\" data-id=\"98fa414\" data-element_type=\"widget\" data-e-type=\"widget\" data-widget_type=\"ct_text_editor.default\">\n\t\t\t\t<div class=\"elementor-widget-container\">\n\t\t\t\t\t<div id=\"ct_text_editor-98fa414\" class=\"ct-text-editor \" data-wow-delay=\"ms\">\n\t<div class=\"ct-inline-css\"  data-css=\"\n        \t\t\">\n\n    <\/div>\n\t<div class=\"ct-text-inner elementor-clearfix\">\n\t\t<p>Our technicians have undergone the most extensive and stringent car detail training program. And the only car that matters is yours because we will detail it to your complete satisfaction.<\/p>\t<\/div>\n<\/div>\t\t\t\t<\/div>\n\t\t\t\t<\/div>\n\t\t\t\t<div class=\"elementor-element elementor-element-299dfc52 elementor-widget elementor-widget-ct_button\" data-id=\"299dfc52\" data-element_type=\"widget\" data-e-type=\"widget\" data-widget_type=\"ct_button.default\">\n\t\t\t\t<div class=\"elementor-widget-container\">\n\t\t\t\t\t<div id=\"ct_button-299dfc52\" class=\"ct-button-wrapper ct-button-layout1\">\r\n            <span class=\"ct-icon-active\"><\/span>\r\n        <a href=\"https:\/\/demo.bravisthemes.com\/promotors\/service\/battery-repair\/\" class=\"btn btn-style2 btn-animate  icon-ps-left\" data-wow-delay=\"ms\">\r\n                            <span class=\"ct-button-icon ct-align-icon-left\">\r\n                            <\/span>\r\n                <span class=\"ct-button-text\">\r\n            GET SERVICE        <\/span>\r\n    <\/a>\r\n<\/div>\t\t\t\t<\/div>\n\t\t\t\t<\/div>\n\t\t            <\/div>\n        <\/div>\n                <div class=\"elementor-column elementor-col-50 elementor-top-column elementor-element elementor-element-2f9d5c26 ct-column-none\" data-id=\"2f9d5c26\" data-element_type=\"column\" data-e-type=\"column\">\n        <div class=\"elementor-widget-wrap elementor-element-populated\">\n                    \n        \t\t<div class=\"elementor-element elementor-element-1093897f elementor-widget elementor-widget-ct_image\" data-id=\"1093897f\" data-element_type=\"widget\" data-e-type=\"widget\" data-widget_type=\"ct_image.default\">\n\t\t\t\t<div class=\"elementor-widget-container\">\n\t\t\t\t\t<div class=\"ct-image-single style-zoom   \" data-width=\"\" data-height=\"\">\r\n                        <img decoding=\"async\" src=\"https:\/\/oncagarage.com\/wp-content\/uploads\/2022\/08\/service-bg-02.jpg\" class=\"attachment-full\" alt=\"\" \/>            <\/div>\t\t\t\t<\/div>\n\t\t\t\t<\/div>\n\t\t            <\/div>\n        <\/div>\n                    <\/div>\n        <\/section>\n                <section class=\"elementor-section elementor-top-section elementor-element elementor-element-1fe3df0b elementor-section-boxed elementor-section-height-default elementor-section-height-default ct-header-fixed-none ct-column-none ct-row-scroll-none ct-section-smoke-none ct-section-particle-none\" data-id=\"1fe3df0b\" data-element_type=\"section\" data-e-type=\"section\">\n            \n                        <div class=\"elementor-container elementor-column-gap-default \">\n                    <div class=\"elementor-column elementor-col-50 elementor-top-column elementor-element elementor-element-685383cc ct-column-none\" data-id=\"685383cc\" data-element_type=\"column\" data-e-type=\"column\">\n        <div class=\"elementor-widget-wrap elementor-element-populated\">\n                    \n        \t\t<div class=\"elementor-element elementor-element-387fc40 elementor-widget elementor-widget-ct_heading\" data-id=\"387fc40\" data-element_type=\"widget\" data-e-type=\"widget\" data-widget_type=\"ct_heading.default\">\n\t\t\t\t<div class=\"elementor-widget-container\">\n\t\t\t\t\t<div class=\"ct-heading h-align-\">\r\n    \t    <h2 class=\"item--title case-animate-time st-default \" data-wow-delay=\"ms\">\r\n        <span class=\"slide-in-container\"><span class=\"d-inline-block wow case-fade-in-up\">HOW<\/span><\/span> <span class=\"slide-in-container\"><span class=\"d-inline-block wow case-fade-in-up\">TO<\/span><\/span> <span class=\"slide-in-container\"><span class=\"d-inline-block wow case-fade-in-up\">SERVICE<\/span><\/span> <span class=\"slide-in-container\"><span class=\"d-inline-block wow case-fade-in-up\">YOUR<\/span><\/span> <span class=\"slide-in-container\"><span class=\"d-inline-block wow case-fade-in-up\">CAR<\/span><\/span>    <\/h2>\r\n<\/div>\t\t\t\t<\/div>\n\t\t\t\t<\/div>\n\t\t\t\t<div class=\"elementor-element elementor-element-2def1017 elementor-widget elementor-widget-ct_text_editor\" data-id=\"2def1017\" data-element_type=\"widget\" data-e-type=\"widget\" data-widget_type=\"ct_text_editor.default\">\n\t\t\t\t<div class=\"elementor-widget-container\">\n\t\t\t\t\t<div id=\"ct_text_editor-2def1017\" class=\"ct-text-editor \" data-wow-delay=\"ms\">\n\t<div class=\"ct-inline-css\"  data-css=\"\n        \t\t\">\n\n    <\/div>\n\t<div class=\"ct-text-inner elementor-clearfix\">\n\t\t<p>Rather than letting your services go by, take these steps to keep your car in good shape until you can afford a full service.<\/p>\t<\/div>\n<\/div>\t\t\t\t<\/div>\n\t\t\t\t<\/div>\n\t\t            <\/div>\n        <\/div>\n                <div class=\"elementor-column elementor-col-50 elementor-top-column elementor-element elementor-element-1e743a6e ct-column-none\" data-id=\"1e743a6e\" data-element_type=\"column\" data-e-type=\"column\">\n        <div class=\"elementor-widget-wrap elementor-element-populated\">\n                    \n        \t\t<div class=\"elementor-element elementor-element-60d621b0 elementor-widget elementor-widget-ct_fancy_box\" data-id=\"60d621b0\" data-element_type=\"widget\" data-e-type=\"widget\" data-widget_type=\"ct_fancy_box.default\">\n\t\t\t\t<div class=\"elementor-widget-container\">\n\t\t\t\t\t<div class=\"ct-fancy-box ct-fancy-box-layout4 ct-flex-row \" data-wow-delay=\"ms\">\r\n    <div class=\"item--inner\">\r\n                                    <div class=\"item--meta style1 elementor-repeater-item-106cfc9\">\r\n                                            <div class=\"item--list--title\">\r\n                                                            <h5 class=\"item--sub--title\">\r\n                                    01                                <\/h5>\r\n                                                                                        <h5 class=\"item--title\">\r\n                                    MAKE AN APPOINTMENT                                <\/h5>\r\n                                                    <\/div>\r\n                                                                <div class=\"item--description\">\r\n                            Promotors has made it easy to schedule an appointment online at a location near you in a few simple steps, easy schedule for customers.                        <\/div>\r\n                                                                                                <\/div>\r\n                                                <div class=\"item--meta style1 elementor-repeater-item-e2d9509\">\r\n                                            <div class=\"item--list--title\">\r\n                                                            <h5 class=\"item--sub--title\">\r\n                                    02                                <\/h5>\r\n                                                                                        <h5 class=\"item--title\">\r\n                                    SELECT SERVICE                                <\/h5>\r\n                                                    <\/div>\r\n                                                                <div class=\"item--description\">\r\n                            We specialize in car services and have more than 20 years of experience in cars. We are car guys from day one. We love and respect cars.                        <\/div>\r\n                                                                                                <\/div>\r\n                        <\/div>\r\n<\/div>\t\t\t\t<\/div>\n\t\t\t\t<\/div>\n\t\t\t\t<div class=\"elementor-element elementor-element-778dd3f1 elementor-widget elementor-widget-ct_fancy_box\" data-id=\"778dd3f1\" data-element_type=\"widget\" data-e-type=\"widget\" data-widget_type=\"ct_fancy_box.default\">\n\t\t\t\t<div class=\"elementor-widget-container\">\n\t\t\t\t\t<div class=\"ct-fancy-box ct-fancy-box-layout4 ct-flex-row \" data-wow-delay=\"ms\">\r\n    <div class=\"item--inner\">\r\n                                    <div class=\"item--meta style1 elementor-repeater-item-ca91999\">\r\n                                            <div class=\"item--list--title\">\r\n                                                            <h5 class=\"item--sub--title\">\r\n                                    03                                <\/h5>\r\n                                                                                        <h5 class=\"item--title\">\r\n                                    CONFIRM REQUEST                                <\/h5>\r\n                                                    <\/div>\r\n                                                                <div class=\"item--description\">\r\n                            Has your request been confirmed?<br>Reduce no-shows, save time, and focus on serving clients is our top criterion.                        <\/div>\r\n                                                                                                <\/div>\r\n                                                <div class=\"item--meta style1 elementor-repeater-item-30a992f\">\r\n                                            <div class=\"item--list--title\">\r\n                                                            <h5 class=\"item--sub--title\">\r\n                                    04                                <\/h5>\r\n                                                                                        <h5 class=\"item--title\">\r\n                                    GET YOUR CAR                                <\/h5>\r\n                                                    <\/div>\r\n                                                                <div class=\"item--description\">\r\n                            It is a vehicle inspection that keeps your car in a reliable, safe and fully-functioning condition based on guidelines set out by the vehicle.                        <\/div>\r\n                                                                                                <\/div>\r\n                        <\/div>\r\n<\/div>\t\t\t\t<\/div>\n\t\t\t\t<\/div>\n\t\t            <\/div>\n        <\/div>\n                    <\/div>\n        <\/section>\n                <section class=\"elementor-section elementor-top-section elementor-element elementor-element-487a95a8 elementor-section-boxed elementor-section-height-default elementor-section-height-default ct-header-fixed-none ct-column-none ct-row-scroll-none ct-section-smoke-none ct-section-particle-none\" data-id=\"487a95a8\" data-element_type=\"section\" data-e-type=\"section\" id=\"blog\">\n            \n                        <div class=\"elementor-container elementor-column-gap-default \">\n                    <div class=\"elementor-column elementor-col-100 elementor-top-column elementor-element elementor-element-2881c3f ct-column-none\" data-id=\"2881c3f\" data-element_type=\"column\" data-e-type=\"column\">\n        <div class=\"elementor-widget-wrap\">\n                    \n                    <\/div>\n        <\/div>\n                    <\/div>\n        <\/section>\n        \t\t<\/div>\n\t\t","protected":false},"excerpt":{"rendered":"<p>ONCAGARAGE AIRBAG TAM\u0130R SERV\u0130S Her marka ve model binek ara\u00e7 i\u00e7in airbag servis hizmeti. Par\u00e7a temini ve onar\u0131m hizmetleri. +90 536 718 76 91 1 + 15 y\u0131ldan uzun s\u00fcredir hizmet vermekteyiz. 1 Bin+ G\u00fcnde y\u00fczlerce ara\u00e7 teslimat\u0131 yap\u0131yoruz. 1 Bin+ M\u00fc\u015fterimize en uygun \u00e7\u00f6z\u00fcmleri sunuyoruz. 1 % M\u00fc\u015fterilerimizin neredeyse tamam\u0131 hizmetlerimizden memnun. SERVICE RUBBING, [&hellip;]<\/p>\n","protected":false},"author":1,"featured_media":0,"parent":0,"menu_order":0,"comment_status":"closed","ping_status":"closed","template":"","meta":{"footnotes":""},"class_list":["post-8889","page","type-page","status-publish","hentry"],"_links":{"self":[{"href":"https:\/\/oncagarage.com\/index.php?rest_route=\/wp\/v2\/pages\/8889","targetHints":{"allow":["GET"]}}],"collection":[{"href":"https:\/\/oncagarage.com\/index.php?rest_route=\/wp\/v2\/pages"}],"about":[{"href":"https:\/\/oncagarage.com\/index.php?rest_route=\/wp\/v2\/types\/page"}],"author":[{"embeddable":true,"href":"https:\/\/oncagarage.com\/index.php?rest_route=\/wp\/v2\/users\/1"}],"replies":[{"embeddable":true,"href":"https:\/\/oncagarage.com\/index.php?rest_route=%2Fwp%2Fv2%2Fcomments&post=8889"}],"version-history":[{"count":25,"href":"https:\/\/oncagarage.com\/index.php?rest_route=\/wp\/v2\/pages\/8889\/revisions"}],"predecessor-version":[{"id":18932,"href":"https:\/\/oncagarage.com\/index.php?rest_route=\/wp\/v2\/pages\/8889\/revisions\/18932"}],"wp:attachment":[{"href":"https:\/\/oncagarage.com\/index.php?rest_route=%2Fwp%2Fv2%2Fmedia&parent=8889"}],"curies":[{"name":"wp","href":"https:\/\/api.w.org\/{rel}","templated":true}]}}